6*u(f). What is v(-5)?
-19
Let f(m) = m**2 + 108*m - 55. Let u(a) = -4*a**2 - 466*a + 221. Let b(i) = 13*f(i) + 3*u(i). Give b(-10).
-12
Let z be -2 + (129 + -120)*6/(-9)*1. Let j(t) = t**2 + 14*t + 22. Calculate j(z).
-26
Suppose -4 = -z - 6, 2*l + 2*z = -16. Let o(p) = 6*p**3 - 5*p**2 + 14*p + 57. Let x(g) = 5*g**3 - 5*g**2 + 13*g + 49. Let y(q) = 6*o(q) - 7*x(q). Give y(l).
5
Let n(p) = p**3 + 6*p**2 - 51*p + 48. Let g be (222/9)/(-2) + 132/99. Calculate n(g).
4
Let d(a) = a**3 - 30*a**2 + 158*a + 38. Let r be d(23). Let t(l) = 2*l**2 + 54*l - 237. Determine t(r).
11
Let t be 10/((-10)/(-7)) + -2. Let d(o) = 176*o**2 - 36*o. Let q(m) = 70*m**2 - 15*m. Let u(r) = t*d(r) - 12*q(r). Give u(-1).
40
Let y(n) be the second derivative of -n**3/6 - 9*n**2/2 + 3*n. Let a = 51 - 54. Let m be (-5)/((-60)/16)*a. Determine y(m).
-5
Let w(j) = 22*j - 128. Suppose -3*k - 4*z + 34 = 0, -3*z = k + 177 - 195. Give w(k).
4
Let j(t) be the first derivative of 13*t**2/2 + 254*t + 1852. What is j(-19)?
7
Let s(g) = -g**3 - g - 4. Suppose t = 3*o - 8, 2*o = -20*t + 18*t + 16. Let z be t/(-30) - 42/(-315). Calculate s(z).
-4
Suppose 1442*q - 1460*q - 18 = 0. Let p(h) = 2*h - 23*h**3 + 1 + 0*h**2 + h**2 - 2*h**3. Give p(q).
25
Let k be (9/6 - 1)*(2 + 440). Let c be (-3 - 552/(-39)) + (-34)/k. Let i(j) = -j + 14. Determine i(c).
3
Let y(f) = -3*f**2 + 10*f - 10. Let r(d) = -2*d**3 - 52*d**2 - 140*d - 41. Let o be r(-23). Calculate y(o).
-35
Let i(r) = 16*r**3 - 7*r**2 - 17*r - 9. Let q(v) = -7*v**3 + 4*v**2 + 8*v + 4. Let g(o) = 4*i(o) + 9*q(o). Give g(-4).
48
Let t(r) = -7*r**2 + 71*r**3 - 84*r**3 - 3 + 6*r - 86*r**3 + 98*r**3. What is t(-7)?
-45
Let v be 195/60 - (-2 - 9/(-4)). Let g(i) = -9*i**2 - 6*i + 8 + v + 15*i + i**3. Calculate g(8).
19
Let a(s) be the first derivative of -2*s**2 + 5*s - 569. Suppose 4*p + 4*c = 20, -4*p + 6 = c - 11. Give a(p).
-11
Let w = -144 - -137. Let m(h) be the first derivative of -h**4/12 - 7*h**3/6 + 9*h**2/2 + 17*h + 23. Let o(u) be the first derivative of m(u). Give o(w).
9
Let w(t) = -13*t**3 + 2*t + 1. Let k be (-4)/(-8)*1*(1 + 11). Suppose k*j - 28 = -34. What is w(j)?
12
Suppose -b + 27 = 14. Let p(z) be the second derivative of -z**3/6 + 7*z**2/2 + 406*z. What is p(b)?
-6
Let i be 6/9 - (-1)/3. Let v be 2 + (i + -3 - 0). Let t(h) be the first derivative of -h**2/2 - 5*h + 72. Calculate t(v).
-5
Let l(q) be the first derivative of -54 + 3*q**2 - 1/3*q**3 + 3*q. Let t be 8 + (2 - 3) + -2. Calculate l(t).
8
Let x(n) = -22*n**2 + 10*n - 18. Let b be x(5). Let c = 1073 + b. Let o be 4/(-34) - c/51. Let k(v) = -v**3 - 10*v**2 + 11*v + 1. What is k(o)?
1
Let x(w) = -w + 1. Suppose 2*d - 4*h = -18, -2*h + 14 = -d + 5*d. Suppose -6*l + 849 = 831. Let j(z) = 5*z + 1. Let f(y) = d*j(y) + l*x(y). Calculate f(-4).
-4
Suppose -4*b + 16 = 3*p, -b - 3*p - 8 = -3. Let q(c) = c**2 + c - 57. Determine q(b).
-1
Let a(g) = -8*g + 64. Suppose -z + 2*p - 138 + 149 = 0, 41 = 5*z + 4*p. Calculate a(z).
-8
Let b(y) be the third derivative of y**5/60 + 7*y**4/24 + y**3 + 3*y**2. Let q = 103 + -70. Let c be (-1)/(3*q/(-36) + 3). What is b(c)?
-6
Let u = 4 - 3. Let y(v) = -19*v - 1. Let p(d) = 29*d + 1. Let l(r) = 3*p(r) + 4*y(r). Give l(u).
10
Let y(k) be the second derivative of k**3/6 - k**2 + 1393*k. Calculate y(-18).
-20
Let r(g) = -g**3 + 2*g**2 + 5*g + 4. Suppose 36*m = -16*m + 95 + 61. Give r(m).
10
Suppose 106*l = 58*l + 8*l + 320. Let q(a) = 5*a**2 - 42*a + 10. Give q(l).
-6
Let m(f) = -16 + f - 8 + 8. Let d(y) = 22*y**2 + y + 18. Let z be d(6). Let n = -809 + z. What is m(n)?
-9
Let g(q) = q**3 - 5*q**2 - 4*q - 4. Let o = 14611 + -14605. What is g(o)?
8
Let w(s) = -3*s + 0 - 2 + 2*s - 12. Suppose 4*k + 4*j - 19 + 63 = 0, 2*k - j + 19 = 0. Give w(k).
-4
Let l(y) = -55*y + 1001. Let z be l(18). Let k(f) = f**3 - 11*f**2 + 4*f - 35. Calculate k(z).
9
Suppose -r + 2 = 4*p, 0 = 42*r - 40*r - 3*p - 15. Let v(j) = -j**2 + 16*j - 60. Calculate v(r).
0
Let y(p) be the second derivative of -p**3/6 + 3*p**2/2 - 2*p. Suppose 5 - 1 = o. Suppose -5*l + o*s = -36, -2*l - 5*s = l + 8. Determine y(l).
-1
Let h(p) = 281*p**2 + 9*p - 19. Let q(y) = -234*y**2 - 9*y + 18. Let u(g) = 5*h(g) + 6*q(g). Determine u(11).
35
Suppose 0 = 32*z - 40*z + 144. Let i be z/(-3) - -4 - 4. Let c(n) = -4*n - 1 + 2*n - n**3 + 0 - 7 - 6*n**2. Determine c(i).
4
Let s(r) = 2. Let h(l) = 2*l + 27. Suppose 3*k - m + 2 + 0 = 0, 0 = -k - m + 6. Let d(f) = k*h(f) - 5*s(f). Determine d(-12).
-7
Let g(k) = -9*k**3 - 18*k**2 - 22*k - 3. Let b(o) = 25*o**3 + 55*o**2 + 66*o + 12. Let y(v) = 4*b(v) + 11*g(v). Determine y(-21).
-6
Let f(t) = 7*t + 5. Let u(w) = 27*w + 21. Let j(r) = 9*f(r) - 2*u(r). Let q be (-2616)/1744 + 3/(-2). Calculate j(q).
-24
Suppose 0 = 6*i - 5*i - 2*t - 9, -13 = -i + 3*t. Let o be 0 + (i + (-15)/(-10))*2. Let s(z) = 2*z**2 - 7*z + 2. Calculate s(o).
17
Let l(z) = z - 2. Let y(x) = -3 - x - 12 + 3*x - 3 - 1. Let g(j) = -l(j) + y(j). Calculate g(19).
2
Let g(r) = -17*r**2 + 7*r**3 + 13*r**2 + r**3 - 856 + 854 + 0*r + 2*r - 7*r**3. Let y = 3 + 1. What is g(y)?
6
Let x(l) = 27*l**3 - 242*l**2 - 11*l + 29. Let n be x(9). Let o(f) = f**3 - 13*f**2 + 26*f - 36. Determine o(n).
8
Let b(m) = -78*m**3 + m**2 + 1. Let z = -1814 + 1815. Calculate b(z).
-76
Suppose -32*d + 72 = -30*d. Suppose -d = 5*o - 116. Let u(v) = v**2 - 14*v - 25. Determine u(o).
7
Suppose -4*s + 3*z - 8 = 2*z, 3*z = -5*s - 27. Let b = -268 + 271. Let h(v) = -92*v**2 + v**b + 2 + 42*v**2 + 0 + 53*v**2. Give h(s).
2
Let p = -162 - -164. Suppose -5*n - 5*k = -n + 21, p*k = 4*n - 14. Let u(j) = -10*j. Give u(n).
-10
Suppose k + 2*k - 225 = 3*j, 0 = -5*k - 10. Let m = 81 + j. Let n(b) = -5*b**2 - m*b**3 + 3 + 4*b**3 - b**3 - 3*b + 2*b. What is n(-3)?
-12
Let t(y) = y - 4. Let h be (-28)/8*(72/(-14))/3. Let v be t(h). Let z(j) = -2*j**2 + 7*j**2 + 5*j + 7 - j**3 - 2*j**v - 12. Give z(4).
-1
Let r(v) = -v**2 + 3*v - 12. Let b(k) = 26*k**2 - 1068*k + 86. Let d be b(41). Determine r(d).
-16
Let z be (-1 + 1)/(-2) + 42 + -15. Let x(w) = -22*w - z*w + 82*w - 31*w. Let s be (0 + 2 - 2) + -1. Determine x(s).
-2
Let s(f) be the third derivative of -3*f**4/2 - f**3/3 - 2974*f**2. Calculate s(-2).
70
Let a = 22883 + -22886. Let t(x) = 2*x**3 + 3*x**2 - 4*x + 9. What is t(a)?
-6
Let g(x) = x**3 + 5*x**2 + 2*x + 4. Let f be (10 - 19)/((-1 - 0) + 2). Let s be -2 + f + 6 + 0. Calculate g(s).
-6
Let a(g) be the third derivative of -7/6*g**3 + 0*g - 75*g**2 - 1/12*g**4 + 0. Calculate a(-6).
5
Let o(q) = -3 - 9 + 2 - 5*q + 416*q**2 + 2 + 4*q**3 - 413*q**2. Determine o(-2).
-18
Let s(w) = -2*w**3 - w**2 + 4*w - 5. Let l be 225/(-1800) - (-25)/8. Calculate s(l).
-56
Suppose -5*d + 24 = 4*h - 2, 2*d - h = 13. Let q(p) be the second derivative of p**4/12 - 5*p**3/6 + p**2/2 - 150*p. Determine q(d).
7
Let t(u) = -234*u - 6811. Let l be t(-29). Let a(q) = -q**2 - 27*q - 61. Give a(l).
-11
Suppose -4816 = 29*a - 4758. Let c(i) = -i**2 - 1. Let q(s) = -4*s - 1. Let m(z) = -2*c(z) - q(z). Give m(a).
3
Suppose -912 = -215*c + 63*c. Let h(s) = 7*s - 17. Determine h(c).
25
Let l(f) = 3*f + 515. Let a(r) = -2*r - 256. Let n(o) = 7*a(o) + 3*l(o). Calculate n(-48).
-7
Suppose 3*r + 9 = -3*i, -3*r - 3*i - 3 = 2*i. Let z(u) = -51*u**2 - 29*u**2 - u**3 + 7 + 75*u**2 + 2*u. What is z(r)?
31
Let d(c) = -c**2 + 20*c + 10. Let h(y) = -2*y - 24. Let k be h(-20). Let a be d(k). Let r = a - 80. Let z(g) = g + 12. Calculate z(r).
6
Let v(a) be the second derivative of a**5/20 + 7*a**4/12 - a**3/3 - 4*a**2 + 2*a. Let u = -2847 + 2840. Calculate v(u).
6
Let c(t) = -t**2 - 5*t. Let i be (1 + -3)*36/(-24). Let f(h) = -h**2 + 10*h - 3. Let s be f(i). Suppose -l - s = 4*o - 2*l, -5*o - 5*l = 10. Give c(o).
4
Let u(t) = t**3 + 2*t**2 - 2*t + 1. Let g = -21 - -29. Let r = 144 + -140. Let w be -3 + (g - r) + -4. Determine u(w).
-2
Let g(x) be the third derivative of 0*x - x**2 - 1/60*x**5 + 1 - 2/3*x**3 - 5/24*x**4. Suppose -12 = 5*r + 3. What is g(r)?
2
Suppose -2*h + 22 = -4*v + 6, -4*h + 5*v + 23 = 0. Let o(a) = 15*a**h - 1 - 7 - 17*a**2 - 14 + 6 - 23*a. Calculate o(-11).
-5
Suppose -k + 16 + 2 = 0. Let p be -2*1*k/(-12). Let n(c) = -5*c**3 - 8*c + 1. Let r(a) = 11*a**3 + a**2 + 17*a - 2. Let w(g) = 9*n(g) + 4*r(g). Calculate w(p).
-2
Let p be (-65 - -32)